is divided by g.
150
Calculate the remainder when (1 + (9 - 13))/(3*4/(-1108)) is divided by 112.
53
What is the remainder when 961 is divided by (19/5)/(4059/(-110) + 37)?
11
Suppose -5*u + 12 - 40 = -3*w, 0 = -3*u + 2*w - 16. Let x be -20*(0 - (-28)/u). Let a = x - 49. What is the remainder when 82 is divided by a?
19
Suppose -18*r = -4827 + 17931. Let d = -708 - r. Calculate the remainder when 37 is divided by d.
17
Suppose -209 = 5*m - 999. Suppose j = 5*y - 36, 4*y = j - 6*j + 23. What is the remainder when m/14 - (-8)/(-28) is divided by y?
4
Calculate the remainder when 469*(14/294)/(5/45) is divided by 45.
21
Let i(f) be the third derivative of 3*f**4/8 - 22*f**3/3 - 56*f**2. Suppose d + 34 = 3*d. Calculate the remainder when i(8) is divided by d.
11
Let k(n) = 25 - 3*n**2 - 7 + 74*n - 22. Calculate the remainder when 87 is divided by k(24).
43
Let y(l) = 18*l - 40. Let k be y(4). Let u = k + -14. Calculate the remainder when 30 is divided by u.
12
Let d(b) = 6*b - 16. Suppose 5*y + 210 = p, 3*p + 440 - 1150 = 5*y. What is the remainder when p is divided by d(16)?
10
Suppose -m + 2*d + 31 = d, 5*d = 4*m - 124. Suppose 5*k = 54 + m. Calculate the remainder when 82 is divided by k.
14
Let z = -5479 + 5516. Calculate the remainder when 42 is divided by z.
5
Suppose -2*d - 4*h = -10, 0*d = 3*d - 3*h - 15. Suppose -j - 170 = -f - 0*j, 0 = -f - d*j + 194. Calculate the remainder when f is divided by 22.
20
Suppose 3*n = -0*n + 18. Let t = -183 + 183. Suppose -3*o + 12*y - 10*y + 5 = t, -5*y + 10 = 0. What is the remainder when n is divided by o?
0
Let v be -61*(2 + -13 + 5). Suppose v*k = 372*k - 102. Calculate the remainder when 339 is divided by k.
16
Let v = -1273 + 2195. What is the remainder when v is divided by 61?
7
Let i(k) = 16*k - 8. Let l be i(6). Suppose -l = 5*v - 9*v. Let h(z) = z**2 + 4*z - 98. What is the remainder when h(10) is divided by v?
20
Suppose 4*c = -82*c + 474 + 5632. Suppose 6 = 2*b, 3*b + 6 = -p - b. What is the remainder when c is divided by (-1096)/(-72) + 4/p?
11
Let n = 22 - 3. Let f be -1 - (4 - 6 - 3). Suppose -f*p - 6*t = -5*t - 267, 3*p - 203 = 2*t. Calculate the remainder when p is divided by n.
10
Suppose 9*q - 2880 = -q. Suppose 5*s - s + 66 = l, 5*l + s - q = 0. What is the remainder when l is divided by 23?
12
Let t(w) = 12*w**3 + 2*w**2 + 5*w - 6. Let v be t(1). Suppose -31 = v*u - 525. Calculate the remainder when 302 is divided by u.
36
Let l = 9 - -9. Let y = -10 + l. Let c = 136 - 106. Calculate the remainder when c is divided by y.
6
Suppose -2847*d + 2849*d = -2*i + 358, -5*i - 3*d + 911 = 0. What is the remainder when 966 is divided by i?
31
Suppose 0 = 132*p - 135*p - 5*o + 169, p - 2*o = 82. Calculate the remainder when 1425 is divided by p.
65
Suppose -70*l + 69*l + 3*u = -1120, -4446 = -4*l - 5*u. Calculate the remainder when l is divided by 19.
12
Suppose 14 + 4 = 3*r. Calculate the remainder when 103/2 + 3/r is divided by ((-16)/36)/(((-3)/18)/((-168)/(-16))).
24
What is the remainder when 805 + (-3*2/(-2))/((-57)/95) is divided by 236?
92
What is the remainder when 362*(12 - 187/17) is divided by 80?
42
Let o = -18401 + 18455. Calculate the remainder when 3030 is divided by o.
6
Let q be 2*1/(-4)*-6. Suppose q*x = 3*l + 366, 13*x + 4*l = 9*x + 504. Let w = -29 + x. Calculate the remainder when w is divided by 49.
46
Suppose z + 2*z = 42. What is the remainder when 55/(-22)*(5 + 824/(-40)) is divided by z?
11
Suppose -5*f + 440 = z, 68*f + 3*z + 440 = 73*f. Suppose -6*p + 5*c = -p + 10, -4*p - 5*c + 28 = 0. What is the remainder when f is divided by p?
0
Let k(h) = -7*h**3 - h**2 - 2*h - 1. Let s be k(-1). Suppose s*c = 12*c - 105. Suppose c = r + 4. Calculate the remainder when 50 is divided by r.
16
Suppose -46 = 340*h - 341*h. Suppose -h*x + 2102 = -750. Calculate the remainder when 239 is divided by x.
53
What is the remainder when (11 - (-1845)/12) + (-2)/(-8) is divided by 50?
15
Let n(s) = s + 20. Let f be n(4). Let g = f + 22. Suppose -120 = -6*u - 0. Calculate the remainder when g is divided by u.
6
Let k(q) = -10*q - 88. Let s(h) = 3*h - 7. Let i be s(4). Suppose -3*y = 4*n - 173, i*n - 3*n = -3*y + 91. What is the remainder when n is divided by k(-11)?
19
What is the remainder when ((1024/(-12))/8)/((-9)/(-594)*-1) is divided by 7?
4
Suppose -2*b - 1142 = -3*o, 53*b - 757 = -2*o + 50*b. Calculate the remainder when 770 is divided by o.
10
Let u be (-2)/(-14)*2 - 2556/(-21). Let w = u - 83. Calculate the remainder when w is divided by ((-3)/(-1) - 0) + 17.
19
Suppose 5867 - 1649 = 37*a. What is the remainder when 1251 is divided by a?
111
Calculate the remainder when 2596 is divided by 232 + (3/4)/((-123)/(-656)).
0
Suppose -5*m = -5*y - 220, 0 = -m + 3*y + 2*y + 48. What is the remainder when 164 is divided by m?
35
Calculate the remainder when 148 is divided by 153/(-3)*60/(-36).
63
Let q(x) = -x**3 - 11*x**2 + 2*x + 25. Let z be q(-11). Suppose 0 = 4*t - 42 - 26. Let f = t - z. What is the remainder when 51 is divided by f?
9
Suppose -l + 157 = 2*z + 26, 2*l = 2*z - 128. Let k = z - 56. Calculate the remainder when k is divided by 6.
3
Calculate the remainder when (-6260)/5634 + (-7400)/(-18) is divided by 26.
20
Let l = -3018 + 3490. Calculate the remainder when l is divided by 71.
46
Suppose -2*g - 3 = -3*g. Suppose -2*c + 3*r + 360 = 0, 0 = 5*c - g*r - 103 - 815. Calculate the remainder when c is divided by 57.
15
Let i(h) = -8*h + 220. Let u be i(27). Suppose 2*n - 49 = -5*f, -f + 104 = u*n + 3*f. Calculate the remainder when 153 is divided by n.
18
Let z(n) = n**3 - 6*n**2 + 25*n - 421. What is the remainder when 164 is divided by z(9)?
23
Suppose -3*n - 2114 + 201 = -5*s, 0 = -3*s + 3*n + 1149. Calculate the remainder when s is divided by 4.
2
Suppose -4*d = -10*d + 3600. Suppose -7*m - d = -15*m. Let b = m + -67. What is the remainder when 95 is divided by b?
7
Let h(o) = -242*o - 1906. Calculate the remainder when (-1)/(-2) + 137/2 is divided by h(-8).
9
Suppose 5*c + 2*k = 470, -195*c + 2*k = -192*c - 282. Calculate the remainder when c is divided by 56.
38
Let f = -1905 - -1929. Calculate the remainder when 811 is divided by f.
19
Let s(c) be the first derivative of -4*c**2 + 37*c + 5. Let q be s(5). Calculate the remainder when (-207)/q + -1 + (-2)/(-1) is divided by 15.
10
Suppose -41289 = -4*b + 3*x, 2*b + 23*x - 22*x = 20637. Suppose 42*g = 2*g + b. What is the remainder when g is divided by 88?
82
Let r = -32405 + 33493. Calculate the remainder when r is divided by 156.
152
Let y = 393 + -368. Calculate the remainder when (6/9)/((-6)/(-1503)) is divided by y.
17
Suppose -5*z - 55968 = -263228. Calculate the remainder when z is divided by 18.
16
Let r = -8912 + 9286. Calculate the remainder when r is divided by 154.
66
Suppose -23*o + 7330 = 6249. Let s = 154 + 78. Calculate the remainder when s is divided by o.
44
Suppose 2*l + 5*m = 104, -164 = -7*l - 5*m + 175. Suppose 0 = -j - 3*o + 106, 0 = -4*j + 6*o - 3*o + 349. What is the remainder when j is divided by l?
44
Suppose -3*j = 19 - 52. Suppose 8*t + 184 = 256. What is the remainder when j is divided by t?
2
Suppose 69*m - 1856 - 686 = 28*m. What is the remainder when 2169 is divided by m?
61
Let d(n) = n**3 + 7*n**2 - 5*n + 7. Let g be d(-7). Let s = 83 - g. Suppose -29 = -x + s. Calculate the remainder when x is divided by 19.
13
Let f(a) = -a**3 - 7*a**2 + 101*a + 44. Calculate the remainder when f(6) is divided by 83.
16
Let z be -3*(-1)/(-4)*-4. Suppose x + 5*m = 28, -z*m + 0 - 28 = -5*x. What is the remainder when -2 - (-169 + 1)/7 is divided by x?
6
Suppose -333522 = -287*d - 92808 + 78430. Calculate the remainder when d is divided by 192.
152
Let m be (2 - (-6)/3)/((-8)/(-60)). Suppose -m*z + 600 = -10*z. Calculate the remainder when 149 is divided by z.
29
Let u(i) = -4*i**3 + 21*i**2 - 37*i + 86. Let p = -73 - -250. Calculate the remainder when p is divided by u(4).
15
Let l(c) = c**3 + 2*c**2 - 2*c + 6. Let a be l(-3). Let p be (1311/2)/a - (-4)/(-8). Let k = p + -156. Calculate the remainder when k is divided by 16.
14
What is the remainder when 54 is divided by 15/2 - ((-2)/(-18) - (-2107)/882)?
4
Let b = -221 - -300. Let l = 173 - 145. Calculate the remainder when b is divided by l.
23
S